 factor of 2378 and 319.
29
Calculate the greatest common factor of 955800 and 540.
540
Calculate the greatest common divisor of 5142087 and 414.
207
What is the greatest common factor of 187060 and 235?
235
Calculate the greatest common divisor of 12 and 10571844.
12
What is the greatest common divisor of 1021722 and 130?
26
What is the highest common divisor of 3300 and 20295?
165
What is the greatest common factor of 27346 and 8954?
242
What is the greatest common factor of 2847 and 1404?
39
What is the highest common divisor of 164 and 1324?
4
What is the highest common factor of 1590302 and 406?
406
Calculate the highest common divisor of 15 and 45165.
15
Calculate the greatest common divisor of 14190 and 88.
22
Calculate the greatest common factor of 300 and 25170.
30
Calculate the greatest common divisor of 3692 and 1196.
52
What is the highest common divisor of 6710425 and 25?
25
What is the highest common factor of 832 and 29696?
64
What is the greatest common factor of 54 and 3248775?
27
What is the greatest common factor of 550 and 1408?
22
What is the greatest common factor of 750 and 9525?
75
Calculate the highest common divisor of 12 and 10156764.
12
Calculate the highest common divisor of 1976 and 1159.
19
What is the greatest common divisor of 42 and 107247?
21
Calculate the greatest common divisor of 1103 and 8441259.
1103
Calculate the greatest common divisor of 350 and 42847.
7
Calculate the greatest common factor of 129857 and 273.
91
Calculate the highest common factor of 21063 and 96033.
357
What is the greatest common factor of 44 and 709962?
22
Calculate the highest common factor of 23355 and 345.
15
Calculate the greatest common divisor of 3664 and 730052.
916
What is the greatest common factor of 7564 and 4148?
244
Calculate the highest common divisor of 30 and 118242.
6
What is the greatest common factor of 34060 and 39?
13
Calculate the highest common divisor of 124223 and 759.
253
Calculate the highest common factor of 5819 and 253.
253
What is the greatest common divisor of 2094318 and 18?
18
Calculate the greatest common factor of 8896 and 6784.
64
Calculate the highest common divisor of 6 and 309462.
6
What is the highest common factor of 5344 and 416?
32
What is the greatest common divisor of 103 and 2433169?
103
What is the highest common factor of 300311 and 4048?
253
Calculate the highest common divisor of 37 and 157805.
37
Calculate the highest common divisor of 255102 and 323.
17
What is the highest common divisor of 872 and 4791204?
436
Calculate the highest common factor of 151598 and 5296.
662
Calculate the greatest common divisor of 81 and 2784.
3
What is the greatest common divisor of 5253 and 27501?
309
What is the highest common factor of 7660 and 1340?
20
What is the greatest common factor of 1209 and 462423?
39
What is the greatest common factor of 265379 and 116?
29
What is the highest common divisor of 234936 and 4056?
312
What is the greatest common factor of 3540 and 2130?
30
Calculate the greatest common divisor of 9 and 3998898.
9
Calculate the highest common divisor of 792 and 239877.
99
Calculate the greatest common divisor of 1218 and 2977401.
609
Calculate the greatest common factor of 23138 and 828.
46
What is the greatest common divisor of 1938 and 41344?
646
What is the highest common factor of 27 and 64818?
9
Calculate the highest common factor of 27 and 4818069.
27
Calculate the highest common factor of 11525 and 14291.
461
Calculate the highest common divisor of 159282 and 846.
18
Calculate the greatest common factor of 28611 and 1089.
99
What is the highest common divisor of 10622 and 43616?
94
What is the greatest common factor of 80 and 7340?
20
Calculate the greatest common divisor of 57248 and 96.
32
Calculate the highest common factor of 90 and 10170.
90
What is the highest common factor of 48 and 69040?
16
What is the highest common divisor of 4009 and 399?
19
What is the highest common factor of 15201 and 567?
27
Calculate the highest common divisor of 2072 and 5402.
74
Calculate the highest common divisor of 86 and 52202.
86
What is the highest common factor of 11205 and 144?
9
What is the highest common divisor of 2154 and 1151313?
1077
Calculate the highest common divisor of 212733 and 27.
27
Calculate the highest common divisor of 4611 and 7105.
29
Calculate the highest common factor of 100 and 106980.
20
What is the greatest common divisor of 10 and 44090?
10
Calculate the highest common factor of 21870 and 980.
10
What is the highest common factor of 2750 and 5830?
110
What is the greatest common divisor of 1935282 and 12?
6
Calculate the greatest common factor of 133 and 14383.
19
Calculate the greatest common divisor of 456 and 65607.
57
What is the greatest common divisor of 143028 and 18?
18
What is the greatest common factor of 110 and 19085?
55
What is the highest common divisor of 49 and 7588?
7
Calculate the greatest common divisor of 86 and 642936.
86
What is the greatest common divisor of 2233 and 90937?
77
What is the highest common divisor of 96 and 1002?
6
What is the greatest common divisor of 2520 and 645?
15
Calculate the highest common divisor of 18 and 85818.
6
Calculate the highest common factor of 684 and 16948.
76
Calculate the highest common divisor of 910 and 3441620.
910
What is the highest common factor of 204221 and 221?
17
What is the greatest common divisor of 968 and 98104?
8
What is the highest common divisor of 330 and 672738?
66
What is the greatest common divisor of 6028 and 31784?
548
What is the greatest common factor of 14048 and 29413?
439
Calculate the greatest common factor of 33 and 21604.
11
Calculate the highest common factor of 679536 and 135.
27
What is the highest common factor of 28770 and 411?
411
Calculate the greatest common divisor of 19935 and 630.
45
What is the greatest common divisor of 2553 and 15346083?
2553
Calculate the highest common divisor of 27648 and 2208.
96
Calculate the greatest common divisor of 267486 and 654.
654
Calculate the greatest common divisor of 299043 and 1043.
149
Calculate the greatest common factor of 5080 and 464185.
635
What is the highest common factor of 462 and 49566?
66
Calculate the greatest common divisor of 71892 and 48.
12
What is the greatest common factor of 3000 and 7608?
24
What is the greatest common factor of 74 and 181966?
74
What is the greatest common divisor of 170 and 28730?
170
Calculate the highest common divisor of 9192 and 2488.
8
What is the highest common factor of 192 and 68064?
96
Calculate the highest common factor of 48 and 1392.
48
What is the greatest common factor of 7294773 and 1461?
1461
Calculate the greatest common factor of 6187 and 6992.
23
Calculate the highest common factor of 12256824 and 114.
114
Calculate the highest common divisor of 4275 and 4446.
171
Calculate the highest common divisor of 663380 and 5740.
820
Calculate the greatest common divisor of 8931 and 5694.
39
Calculate the greatest common factor of 176712 and 152.
8
What is the greatest common factor of 8 and 257048?
8
Calculate the highest common factor of 288 and 148716.
36
Calculate the greatest common factor of 360 and 2049480.
360
What is the highest common divisor of 12910 and 90?
10
What is the greatest common divisor of 2806 and 10442?
46
What is the highest common divisor of 84 and 16788?
12
What is the greatest common factor of 2646 and 1911?
147
What is the highest common divisor of 6 and 116752?
2
Calculate the greatest common factor of 9202 and 5246.
86
Calculate the greatest common factor of 494268 and 36.
12
Calculate the greatest common factor of 222341 and 322.
161
Calculate the greatest common divisor of 9 and 6211503.
9
What is the highest common divisor of 7840 and 4960?
160
What is the highest common divisor of 160 and 2124?
4
What is the highest common factor of 183 and 705?
3
What is the greatest common divisor of 61 and 121085?
61
Calculate the greatest common factor of 175 and 38725.
25
What is the highest common divisor of 21948 and 24?
12
What is the highest common factor of 1288 and 20332?
92
What is the highest common factor of 12212 and 426?
142
What is the highest common divisor of 7410 and 19038?
114
What is the greatest common divisor of 4516 an